Is 1112387220 a multiple of 2436?
True
Is 84 a factor of 794436048?
True
Does 4684 divide 394649185?
False
Is 106 a factor of 7084645?
False
Is 70 a factor of 14900876?
False
Is 127 a factor of 127490459?
False
Does 41 divide 847429?
True
Is 155 a factor of 9914575?
True
Is 18129600 a multiple of 12?
True
Is 40 a factor of 439790786?
False
Is 6622 a factor of 644585480?
True
Does 28 divide 22274392?
True
Is 2704 a factor of 95371174?
False
Is 286 a factor of 1568996?
True
Is 85 a factor of 3667703760?
True
Is 102377088 a multiple of 264?
True
Does 2322 divide 360911217?
False
Does 10 divide 333098200?
True
Is 7 a factor of 60329480?
False
Does 173 divide 5020968?
False
Is 1004 a factor of 328723656?
True
Is 43926940 a multiple of 648?
False
Is 2050148881 a multiple of 257?
True
Is 12925039 a multiple of 556?
False
Is 1949831622 a multiple of 160?
False
Is 2860 a factor of 30959828?
False
Does 14 divide 44411752?
True
Does 3024 divide 820411846?
False
Is 528330967 a multiple of 28?
False
Does 75 divide 3519058946?
False
Is 6 a factor of 10247682?
True
Is 6322621 a multiple of 4?
False
Is 1422426839 a multiple of 12?
False
Is 36 a factor of 5436176580?
True
Is 44837721 a multiple of 1559?
False
Is 7192338 a multiple of 1685?
False
Is 3462 a factor of 512607954?
True
Is 1095937365 a multiple of 101?
True
Is 9 a factor of 12588212?
False
Is 39547880 a multiple of 116?
True
Is 54 a factor of 98378581?
False
Is 84323871 a multiple of 10?
False
Is 16142213 a multiple of 2?
False
Is 1046 a factor of 64853949?
False
Does 638 divide 18836280?
False
Does 762 divide 769846916?
False
Does 55 divide 7156536475?
True
Is 6 a factor of 891991554?
True
Is 8 a factor of 1347760?
True
Is 610 a factor of 206262350?
True
Is 553305824 a multiple of 8?
True
Is 27565252 a multiple of 26?
True
Is 113 a factor of 44813878?
False
Is 1000113650 a multiple of 37?
False
Is 1600694868 a multiple of 1707?
True
Is 69 a factor of 3595083713?
False
Does 14 divide 717028200?
True
Is 185 a factor of 1362368860?
True
Is 20471905 a multiple of 55?
False
Is 633 a factor of 701168403?
True
Is 4356941 a multiple of 4?
False
Is 9744216 a multiple of 17?
False
Does 802 divide 68923880?
True
Is 846 a factor of 85766078?
False
Is 20 a factor of 645600504?
False
Is 426713280 a multiple of 48?
True
Does 16 divide 1542243560?
False
Is 15 a factor of 50747340?
True
Is 1203 a factor of 33000288?
False
Is 30 a factor of 293943795?
False
Does 10 divide 732703100?
True
Is 656 a factor of 54328073?
False
Is 47 a factor of 6103015?
False
Does 9924 divide 1100542267?
False
Is 295745736 a multiple of 3354?
False
Does 55 divide 18396393?
False
Is 1422710688 a multiple of 294?
True
Is 575 a factor of 131030425?
True
Does 25 divide 50701633?
False
Is 2267 a factor of 70867340?
False
Is 143 a factor of 475301706?
False
Does 557 divide 67376391?
True
Does 7927 divide 469470632?
False
Is 6 a factor of 173957498?
False
Is 103028267 a multiple of 237?
False
Is 173 a factor of 56816314?
True
Is 28655370 a multiple of 184?
False
Is 987 a factor of 1336761676?
False
Is 33 a factor of 266544003?
True
Is 13024882 a multiple of 20?
False
Is 3762770 a multiple of 433?
True
Is 117294529 a multiple of 1537?
False
Is 1477 a factor of 32254726?
True
Is 1015 a factor of 45602300?
False
Does 24 divide 5123400?
True
Is 48118248 a multiple of 191?
True
Is 6 a factor of 550285773?
False
Does 3478 divide 40956311?
False
Is 5 a factor of 7804200?
True
Does 1109 divide 337572474?
False
Is 42 a factor of 60741815?
False
Is 238 a factor of 16816967?
False
Is 941781249 a multiple of 459?
True
Is 728640320 a multiple of 16?
True
Is 262 a factor of 322813868?
True
Does 272 divide 391198016?
True
Is 1720 a factor of 190617423?
False
Does 309 divide 30126264?
True
Is 4344950 a multiple of 2?
True
Is 703634133 a multiple of 136?
False
Is 26 a factor of 20146634?
False
Is 19 a factor of 12626297?
False
Is 1436 a factor of 29707968?
True
Is 149 a factor of 10841741?
False
Does 41 divide 168983017?
True
Is 18 a factor of 549242445?
False
Does 3948 divide 3477620005?
False
Does 415 divide 118993365?
True
Is 7826 a multiple of 14?
True
Does 53 divide 4009468?
False
Does 373 divide 1889732090?
False
Does 15 divide 50305815?
True
Is 3 a factor of 57744291?
True
Does 5856 divide 360479117?
False
Does 35 divide 381635905?
True
Is 284 a factor of 25432768?
True
Is 629 a factor of 246784376?
True
Is 932 a factor of 120759240?
True
Is 1817669280 a multiple of 5205?
True
Is 2373128371 a multiple of 1281?
False
Does 123 divide 23660280?
True
Is 1005307 a multiple of 22?
False
Is 5747 a factor of 1373159445?
True
Does 1651 divide 66002203?
False
Is 52753720 a multiple of 782?
True
Does 103 divide 88585253?
True
Does 11091 divide 2384758011?
False
Is 31 a factor of 46048638?
False
Does 10 divide 96045396?
False
Is 4378 a factor of 1794183204?
True
Is 311174567 a multiple of 419?
False
Is 17111220 a multiple of 28?
True
Is 38061708 a multiple of 2924?
True
Does 30 divide 744917280?
True
Is 89 a factor of 32043471?
True
Is 46086569 a multiple of 17?
False
Does 464 divide 1512830967?
False
Is 2129 a factor of 1449179474?
False
Does 21 divide 42417982?
False
Does 68 divide 1070937?
False
Does 1010 divide 512447615?
False
Does 6455 divide 755351190?
True
Is 2242426620 a multiple of 140?
True
Is 4 a factor of 168614921?
False
Does 13 divide 1152209513?
True
Is 1927434 a multiple of 44?
False
Does 1035 divide 1951640635?
False
Is 37 a factor of 69896634?
False
Is 114619750 a multiple of 50?
True
Is 19 a factor of 62814527?
False
Is 884106117 a multiple of 54?
False
Is 20 a factor of 446005308?
False
Does 1214 divide 249941962?
True
Is 308551156 a multiple of 1851?
False
Does 352 divide 52562048?
True
Is 105999979 a multiple of 2?
False
Is 7 a factor of 223690943?
True
Is 752913480 a multiple of 27?
False
Is 27 a factor of 1435914?
True
Does 47 divide 240321652?
False
Is 202208897 a multiple of 8?
False
Is 176446200 a multiple of 21?
True
Is 120 a factor of 22644270?
False
Is 1464160039 a multiple of 4151?
False
Is 14150597 a multiple of 1013?
True
Is 12 a factor of 13660311?
False
Is 125 a factor of 206126000?
True
Is 687 a factor of 1002388917?
False
Is 150 a factor of 49097438?
False
Is 6687374 a multiple of 194?
True
Does 1631 divide 12672870?
True
Does 20 divide 517021100?
True
Is 20 a factor of 64907412?
False
Is 18715703 a multiple of 22?
False
Is 69 a factor of 1358506058?
False
Is 108 a factor of 33876085?
False
Does 2954 divide 1414483898?
False
Does 268 divide 10773064?
True
Does 23 divide 635312006?
False
Is 420336619 a multiple of 30?
False
Is 38406740 a multiple of 1207?
True
Does 1049 divide 2803977?
True
Does 1206 divide 30249387?
False
Is 1520 a factor of 1352283200?
True
Is 11632 a factor of 3146631962?
False
Is 48 a factor of 50511757?
False
Is 72912576 a multiple of 46?
True
Is 780221855 a multiple of 329?
True
Is 24724518 a multiple of 113?
False
Is 18 a factor of 113104008?
True
Does 41 divide 371707454?
False
Does 1108 divide 303528109?
False
Is 275728 a multiple of 25?
False
Does 2 divide 2384269?
False
Is 6162103 a multiple of 5?
False
Is 18694595 even?
False
Does 62 divide 3325907?
False
Does 8 divide 2636960?
True
Is 95869730 a multiple of 16?
False
Does 31 divide 1698552?
True
Is 10 a factor of 23346160?
True
Does 140 divide 443249660?
True
Does 135 divide 209544295?
False
Does 5 divide 36098518?
False
Does 164 divide 1228197941?
False
Does 1048 divide 952154879?
False
Is 14184452 a multiple of 953?
True
Does 88 divide 161229870?
False
Does 515 divide 22068490?
False
Is 85 a factor of 34438355?
False
Is 101 a factor of 161411904?
False
Is 83 a factor of 3525824977?
True
Does 20 divide 481142932?
False
Is 25402637 a multiple of 1567?
True
Is 285803790 a multiple of 30?
True
Does 41 divide 1408300837?
False
Does 12 divide 1574018341?
False
Does 5 divide 33320293?
False
Is 28653720 a multiple of 5?
True
Does 13 divide 54558817?
False
Is 26 a factor of 19753292?
True
Is 12457478 a multiple of 1423?
False
Does 46 divide 15466170?
False
Is 4833202818 a multiple of 6943?
True
Is 72 a factor of 573595117?
False
Is 33 a factor of 61292190?
False
Is 533527465 a multiple of 43?
False
Is 82341198 a multiple of 915?
False
Is 924771576 a mu